uppose 1698 = 4*t - h. What is the hundreds digit of t?
9
Let t(i) = -15281*i - 763. What is the hundreds digit of t(-3)?
0
Let z be 2/4*2*-2. Let h be 8 + -12 - 454/z. Let s = -129 + h. What is the units digit of s?
4
Let t = -208 - -213. Suppose -2*c = t*p - 10*p - 625, -3*c = 5*p - 875. What is the hundreds digit of c?
3
Let x = 226 - 222. Suppose 592 = -b + 2*b + x*i, -4*b + 2*i = -2350. What is the units digit of b?
8
What is the units digit of 12 + 13 + (-409221)/(-39) - (-4)/26?
8
Suppose 347*c - 6766711 + 2126858 = 2327907. What is the tens digit of c?
8
Let n(j) = -j**2 - 6*j + 2 + 4*j - j**2 + 3. Let d(k) = -k**2 - k + 5. Let p(q) = 5*d(q) - 6*n(q). What is the tens digit of p(-6)?
0
Suppose 87 - 7 = 8*p. Suppose p*t = 101 + 59. What is the tens digit of t?
1
Suppose 0 = -3*n, -5*n - 7 = -2*t + 1. Suppose -h - 4*b - 11 - 14 = 0, -5*h = t*b + 45. Let v = h + 23. What is the tens digit of v?
1
Suppose 4*r + g = 6*r + 396, 20 = 5*g. Let p = 225 - r. What is the hundreds digit of p?
4
Suppose 4*s = 44263 + 45425. What is the tens digit of s?
2
Suppose 5*r = -4*w + 86057, -5*w - 19260 = -5*r + 66725. What is the thousands digit of r?
7
Suppose -p - 2 - 21 = -4*u, 5*p = -u - 52. What is the thousands digit of p/(88/24)*2278/(-6)?
1
Suppose -6*v + 21*n + 262269 = 24*n, -n - 87409 = -2*v. What is the ten thousands digit of v?
4
Suppose -2*x - 37 = -o - 0*x, -5*x - 142 = -4*o. Let p = 35 - o. Suppose 2 = -p*f + 104. What is the units digit of f?
1
Suppose 2*f + 4*c = 166742, -2*f + 84*c - 85*c = -166766. What is the ten thousands digit of f?
8
Let r = -25 - -200. Suppose 632*i - r = 631*i. What is the tens digit of i?
7
Let o = 11 - 6. Suppose -6 - 6 = -6*r. Suppose 2*d - 225 = -o*w, -r*w - 3*w = -25. What is the hundreds digit of d?
1
Suppose 956 = -14*x + 18*x. Suppose 4*m - 316 = -2*d - d, -2*d = -3*m - x. What is the hundreds digit of d?
1
Let y(a) = a**3 - 14*a**2 + 24*a + 20. Let g be y(12). Let b = 24 - g. What is the units digit of -1 - -180 - -5 - -1*b?
8
Let t = 19512 + -13397. What is the hundreds digit of t?
1
What is the units digit of 13/(-143) + (-268996)/(-143)?
1
Let l be -3 + 16/4 + 25. Suppose l*r = 29*r - 165. Let h = r + -27. What is the tens digit of h?
2
Let g(w) = -9143*w - 26694. What is the units digit of g(-10)?
6
Let a(u) = -20 - 44*u - 2*u + 2 - 9 - 1. What is the tens digit of a(-16)?
0
Let z be (-1 - -2)*(14 + -2 + 4). Let y(a) = 10*a - z + 0 - 3*a. What is the tens digit of y(13)?
7
Let q = -17309 + 26337. What is the tens digit of q?
2
Suppose -12*u + 26 = 2. Suppose 2326 = 4*x - u*v, -v + 5*v - 2356 = -4*x. What is the tens digit of x?
8
Suppose 3*o - j = 1351, 29 = -o - 5*j + 506. Suppose 2*x - 108 - o = 0. What is the tens digit of x?
8
Suppose -5*r + 4*v + 0 = -7, 0 = 2*r + 2*v + 8. What is the tens digit of (r*1*-3)/(24/312)?
3
Let a(q) = q**3 + 15*q**2 + 7*q - 26. Let i(k) = -k**3 - 13*k**2 + 18*k + 43. Let t be i(-14). What is the units digit of a(t)?
1
Let s = -8328 - -14273. What is the units digit of s?
5
Let q(s) = -3200*s + 1344. What is the tens digit of q(-5)?
4
Suppose 3*u - 554 = -4*k, -k = 3*u - 5*k - 586. Suppose 16*n = 14*n + u. What is the tens digit of n?
9
Let f(v) = 5*v**2 - 18*v - 47. Let u be f(-3). Let s = 986 + u. What is the hundreds digit of s?
0
Suppose 9*y + 188 = 13*y. Let u = y + 48. What is the tens digit of u?
9
Let y = 48 - 35. Let l(s) = -3*s + 38. Let o be l(y). What is the hundreds digit of (46 - 11)/(o/(-3)*1)?
1
Let z(k) = -k**3 + 9*k**2 - 12*k - 13. Let n be z(7). Let s(i) = i**3 - i**2 + i - 1. Let b be s(n). Suppose b = -3*a + a + 110. What is the tens digit of a?
5
Let h = 4502 + -1962. What is the units digit of (h/25)/((42/(-60))/(-7))?
6
Suppose 4*t + 10 = 3*l, 0 = -4*t + 2*t - 2. Suppose -3*d - l = 10. Let b(s) = -s**3 - s**2 - 5*s - 7. What is the tens digit of b(d)?
6
Let r = -127 + -1. Let h = 777 + r. What is the tens digit of h?
4
Let a(q) be the third derivative of q**6/120 - 11*q**4/24 - q**3 + 232*q**2. Let w be (-56)/(-7) - 2*1. What is the hundreds digit of a(w)?
1
Let i = -36 + 73. Suppose -46*k - 775 = -15*k. Let c = k + i. What is the tens digit of c?
1
Let m = -2161 + 5807. What is the hundreds digit of m?
6
Let c be (-16)/(-4) + -3 + 3/1. Let d be (-763 + -1)*(-6)/12. Suppose c*z - 226 - d = 0. What is the tens digit of z?
5
What is the units digit of 22/(-99)*-6 + 87528/18?
4
Suppose 5*l + 38 = 358. Suppose -l*m = -71*m + 581. What is the units digit of m?
3
Let n(v) = -186*v - 34. Suppose 24*x = -231 + 15. What is the tens digit of n(x)?
4
Suppose 6 = -8*d + 11*d. Let a(m) = 83*m + 2. Let p be a(d). Suppose -5*q = -q - p. What is the units digit of q?
2
Let a(b) = -424*b**2 + 33*b - 2. Let s be a(-2). Let w = -204 - s. What is the units digit of w?
0
Let f = 7618 - -1763. What is the units digit of f?
1
Let d be 16/(-6)*48/(-32). Suppose -k = c - 153, 614 = d*c + k + k. Let a = -72 + c. What is the tens digit of a?
8
Let s be 3/6 + ((-23)/(-2) - 1). Suppose 0 = -4*m + 3*b - 7, m - s = 5*b. Let u(l) = -51*l - 7. What is the hundreds digit of u(m)?
1
Let n(a) = -a**3 - 11*a**2 - 25*a - 18. Let h be n(-13). Suppose -h = -4*q + 851. What is the hundreds digit of q?
3
Let c(f) be the third derivative of f**5/15 + f**4/2 + f**3/6 + 4*f**2. Let j(u) = 5*u**2 - 79*u - 24. Let q be j(16). What is the tens digit of c(q)?
6
Let f(w) = 2*w**3 - 7*w**2 + 9*w - 1. Let p be f(2). Suppose 1264 - 5949 = -p*j. What is the tens digit of j?
3
Let q = 373 - 59. Let t = 857 + q. What is the hundreds digit of t?
1
Suppose m + 3*k - 3 = 0, 5*m - 4*k = m + 60. Suppose -t = -5*h + t - m, 3 = 3*t. What is the units digit of 2/(-16) - h*(-4011)/(-48)?
7
Let i = 174 - 416. Let w be 1 - (i + 5) - 1. Let a = 352 - w. What is the hundreds digit of a?
1
Let c(m) = 6*m + 63. Let b be c(-11). What is the tens digit of (30/(-4))/(b/450)?
2
Let b be 6/(-60) + (-2)/(-20). Suppose -k + 2*y + 844 = b, 3*k = -2*y + y + 2504. Suppose -4*f - k = -4*d, -390 = -2*d - 8*f + 3*f. What is the tens digit of d?
0
Suppose -18*g - 168 = -32*g. Suppose -5*i + 3578 = -2*j, 5*i + 13*j = g*j + 3581. What is the hundreds digit of i?
7
Suppose -w + 35966 = 4*a, 4*a - 17*w = -21*w + 35972. What is the tens digit of a?
9
Suppose -8 + 0 = -5*c + 2*k, -2*c - 16 = 4*k. Suppose c = 3*i - 4*g - 2453, g + g - 3278 = -4*i. What is the hundreds digit of i?
8
Suppose 3*v - 8 = 4*h, -2*v + h + 2*h = -5. Suppose -1 = -2*p + 4*p - 3*i, -2*p + v*i = 4. What is the units digit of p/(-8) + (-123)/(-6)?
0
Let v be 0 + 12/27 + 9416/36. Suppose -v = -u + 304. What is the tens digit of u?
6
Suppose 5*f + u = 12571, -u + 3*u = -4*f + 10052. Suppose -l = -4*q + q + 1520, -5*q + f = 2*l. What is the units digit of q?
5
Let o be (-1)/(4/(-36)*3). Let g(b) = 4 + 3*b + 5*b**3 - 5*b**2 + 4*b**3 + b**3 - 8*b**o. What is the units digit of g(4)?
4
Let h(w) = -w**3 + 6*w**2 - 8*w + 11. Let a(l) = -l**3 + 5. Let k be a(0). Let j be h(k). What is the tens digit of -1*(-68 + -4) - j/2?
7
Let i be ((-8)/6)/((-5)/(300/16)). Suppose -4*f + 4880 = -i*r, 7*f + 1235 = 8*f - 5*r. What is the thousands digit of f?
1
What is the hundreds digit of 7204/2 - (-22 - (-26 + 7))?
6
Suppose 279*o + 2139048 = 9809595. What is the ten thousands digit of o?
2
Suppose -6679 = -13*z + 23390. What is the hundreds digit of z?
3
Suppose -22*b - 2290 = -23*b + m, m = 6*b - 13700. What is the thousands digit of b?
2
Suppose 7*w - 179 = 1165. Suppose t - 370 = -4*x + 3*t, 4*t = -2*x + 190. Let u = w - x. What is the units digit of u?
9
Suppose 0 = -4*z + f + 119566, z + 403*f - 29884 = 407*f. What is the hundreds digit of z?
8
Suppose -4*o + 2*o = 3*d - 14, 3*o - 7 = -d. Let g be (6/5)/(o/((-90)/12)). What is the hundreds digit of (6/g)/(5/(-990))?
1
Let l(u) = 3*u**3 + 10*u**2 + 9*u + 31. Let m(d) = -16*d**3 - 50*d**2 - 44*d - 156. Let q(h) = -11*l(h) - 2*m(h). What is the hundreds digit of q(-11)?
2
Suppose -176075 - 169573 = -7*q - 31*q. What is the hundreds digit of q?
0
Let z(o) be the first derivative of -27/2*o**2 - 19 + 10*o. What is the hundreds digit of z(-4)?
1
Suppose -r - 9 + 20 = 0. Let b(s) = 3 + r - 4*s + 14 - 2. What is the units digit of b(-7)?
4
Suppose -209681 = -13*l + 100928. What is the thousands digit of l?
3
Let x = 557 - 60. Let b 